reatest common factor of 39 and z?
13
Let v = 3463 - 2728. Calculate the greatest common factor of 60 and v.
15
Let b(n) = -100*n - 157. Let u be b(6). Let m = u + 781. What is the greatest common factor of 156 and m?
12
Let f = 111 - 34. Let g = f - 71. Calculate the highest common factor of 18 and g.
6
Suppose -7*q + 6*q = -3*g - 400, -8*g + 1931 = 5*q. What is the greatest common divisor of q and 34?
17
Let d(v) = v**3 + 4*v**2 - v + 4. Suppose 5*r + 1 + 9 = 0. Let g be r/((-2)/5*5/(-4)). Let i be d(g). What is the greatest common divisor of 4 and i?
4
Let g be -18 + (9 - 18) + 631. Calculate the greatest common divisor of 1359 and g.
151
Let h = -25 - -64. Let g = -3735 - -4125. What is the greatest common divisor of h and g?
39
Let i = 7177 - 6142. Calculate the greatest common factor of i and 135.
45
Let m = 49 + 12. Let f = 56 - m. Let x be 19 - f/(-5)*2/(-2). What is the highest common divisor of 100 and x?
20
Let v be (-286)/(-2)*(0 + 2 + -1). Suppose 4*t = 13*t - 234. Calculate the highest common factor of t and v.
13
Let r = -64 + 71. Calculate the greatest common divisor of r and 9793.
7
Suppose 84 = -285*v + 279*v. Let q be -18*11/(231/v). Calculate the highest common factor of 16 and q.
4
Let k(r) = -366*r - 26. Let f be k(-9). What is the greatest common factor of 76 and f?
76
Let p be (-7 - (-192)/(-36) - 9)/(2/(-45)). Calculate the highest common divisor of p and 420.
60
Let f(a) = 4*a**2 - 10*a + 16. Let s be (-12)/(-8)*(4 - -2). Let p be f(s). Suppose 29*j = 19*j + p. What is the greatest common divisor of 125 and j?
25
Suppose 214*o + 79 = 293. Suppose -3*g + 0 = -12. Suppose -3*k + g = 4*w - 27, 22 = 2*k + 3*w. Calculate the highest common divisor of o and k.
1
Let q = 10281 - 10266. What is the highest common divisor of 7065 and q?
15
Suppose -4*x + 89 + 35 = 0. Suppose 11*f = -n + 9*f + x, -f + 26 = n. What is the greatest common factor of n and 196?
7
Let f(s) be the second derivative of s**3/6 + 7*s**2/2 + 7*s. Let j be f(-3). Suppose -j*o + 165 = -o. Calculate the highest common factor of 22 and o.
11
Let d = -485 - -488. Let o(h) = -h - 12. Let v(w) = w + 13. Let n(u) = -5*o(u) - 4*v(u). Let y be n(-5). What is the greatest common divisor of d and y?
3
Let y be 1*1*5 + -20 + 20. Suppose -2*v - 25 = 3*v, y*v + 49 = 2*q. Let b = -4 - -8. What is the greatest common divisor of b and q?
4
Suppose -11 = -r - b, -3*r - 2*b - 332 = -372. Let t = 3 - 14. Let q(o) = -o**2 - 14*o + 12. Let l be q(t). Calculate the greatest common divisor of l and r.
9
Let z = 6 + -4. Suppose -5*r - z*m = -0*r - 18, -3*m - 15 = -3*r. Calculate the highest common factor of r and 18.
2
Let t = -435 - -409. Let k be (-351)/t + (-6)/(-4). Calculate the highest common factor of 60 and k.
15
Let n = -396 + 679. Let z = -187 + n. What is the highest common factor of z and 32?
32
Let m(r) = -3*r**2 - 56*r - 58. Let b be m(-17). Calculate the highest common factor of b and 1044.
9
Let m be (-42)/(-7) - 22600/(-1). What is the highest common divisor of 254 and m?
254
Suppose 2*z - 346 = -2*i, -18*i - 21*z - 495 = -21*i. Calculate the highest common divisor of 16 and i.
4
Suppose n - 4 = -3*w, 17 = -3*n - 3*w + 29. Suppose -n*x + 38*q + 205 = 41*q, 261 = 5*x - q. Calculate the greatest common divisor of 8 and x.
4
Let t be (-1)/(1 - (-46)/(-45)). Let j(f) = -3*f - 43. Let m be j(-15). Let o be ((-20)/(-60))/(m/180). What is the highest common factor of o and t?
15
Let c(l) = 15*l**2 - 67*l - 16. Let r be c(5). Let s(o) = 2*o**2 - 5*o - 2. Let h be s(6). What is the greatest common divisor of h and r?
8
Suppose 0 = 151*o - 13785 - 19266 - 39429. Calculate the highest common factor of 6120 and o.
120
Suppose -13 = -29*i + 28*i. Suppose i*w = 84 + 85. What is the greatest common divisor of w and 1?
1
Suppose -6 = -2*a + 3*p - 2, 2*p = 0. Suppose -3*q = -d - 229, a*q + 3*q + 2*d = 378. Let v = -2650 - -2669. Calculate the highest common divisor of q and v.
19
Let p be -5 + (-30)/(-9) - 1554/(-9). Let o(z) = z**2 + 10*z + 39. Let q be o(-14). Calculate the highest common factor of p and q.
19
Let u(g) = 546*g + 8077. Let j be u(-13). What is the greatest common factor of 4 and j?
1
Let y = -7511 - -7619. Let f(g) = 45*g. Let j be f(4). Calculate the greatest common divisor of j and y.
36
Let t = -515 - -510. Let a be 1243*(t - 0)/(-5). What is the greatest common factor of a and 11?
11
Let j(l) = 2*l**3 + 9*l**2 + 3*l - 1. Let k be j(-4). Suppose b - 6 - 10 = -k*d, 0 = -4*b - d + 64. Calculate the highest common factor of b and 56.
8
Let w = 109 + -102. Let c = 306 - 250. What is the greatest common divisor of c and w?
7
Let t = -185 + 333. Suppose 4*b - t = 72. Calculate the greatest common factor of b and 11.
11
Let s(m) = m**2 + 3*m + 2. Suppose z = i + 7, 4*i + 37 = -2*z + 3. Let l = i - -8. Let p be s(l). What is the greatest common divisor of 16 and p?
2
Let h(a) = 57*a + 264. Let x be h(-4). Let m(n) = -108*n**3 + n**2 + n. Let l be m(-1). Calculate the greatest common factor of x and l.
36
Suppose 7*j = -637 + 3444. Suppose j - 317 = 7*i. What is the highest common divisor of i and 624?
12
Let r = 6938 - -14286. What is the highest common divisor of 8 and r?
8
Suppose 5*x + 697 = -2*r, 3*r = 5*r + 2. Let g = -115 - x. Calculate the highest common divisor of g and 6.
6
Let f be (-24)/16*(18105/(-9) + 1). Let j be f/117 + (-2)/(-9). What is the greatest common divisor of 442 and j?
26
Let o be ((-711)/(-18))/((-1)/(-8)). Suppose 1044 = 8*q - o. Calculate the greatest common divisor of q and 68.
34
Let n(j) = j**3 - 19*j**2 + 33*j + 17. Let c be n(17). Suppose 46*p + 4*p - 3200 = c. Calculate the highest common factor of 12 and p.
4
Let m be -2 - (-135)/(3 + -2). Suppose m = v - 17. Let w(o) = -o**3 + 4*o**2 + 3*o + 6. Let b be w(-3). Calculate the highest common divisor of v and b.
30
Let d be ((-3)/(-18))/(((-161)/336)/(-23)). Calculate the greatest common factor of d and 2412.
4
Suppose -t = -4*b + 4*t - 49, -5*b - 25 = t. Let w(o) = -21*o - 70. Let p be w(b). What is the greatest common factor of p and 182?
14
Let t(m) = -m - 7. Let r be t(0). Let q(k) be the first derivative of -6*k**2 - 7*k + 594. Let x be q(r). What is the highest common factor of x and 11?
11
Suppose -l - 367 = 3*v, 5*l - 3*v + 1726 + 19 = 0. Let i = 437 + l. Calculate the greatest common factor of i and 119.
17
Let j(p) = -2051*p**3 - 4*p**2 + 6*p + 9. Let a be j(-1). Calculate the greatest common divisor of a and 10.
10
Let u be (1 + 9)*(-54)/(-4). Let i(o) = -3*o**2 + 140*o - 453. Let r be i(43). Calculate the greatest common divisor of r and u.
5
Let o = -63 - -26. Let a = o - -83. Suppose -188 = -5*b + l + 392, -2*b + 4*l = -250. Calculate the highest common factor of b and a.
23
Suppose 20*d = 77*d - 60864 - 135216. What is the highest common factor of 50 and d?
10
Let v = 8144 + -8058. What is the highest common divisor of v and 26?
2
Suppose 216 + 229 + 185 = 14*n. What is the greatest common factor of 7605 and n?
45
Let y be (-10420)/(-16) + -3 + (-22)/(-8). Suppose 37*a - y = 30*a. What is the greatest common divisor of 124 and a?
31
Let r(p) = -62*p**3 + p**2 - 33*p - 69. Let a be r(-2). What is the highest common divisor of a and 7?
7
Suppose 221*v + 73148 = 992066. What is the greatest common divisor of v and 243?
27
Let m = 8890 + -6992. What is the greatest common divisor of m and 208?
26
Let r be 6 - (-969247)/361 - (1 - (-42)/(-38)). What is the greatest common divisor of r and 1035?
207
Let c be 85 + -64 - 924/(-4). What is the highest common divisor of 19782 and c?
126
Let d(b) = b + 88. Let n be d(13). Let p = 137 - n. Calculate the greatest common divisor of p and 30.
6
Suppose 16*h - 107 - 5 = 0. Suppose h*q = 1 + 34. What is the highest common divisor of 125 and q?
5
Let h = 1686 - 795. Let i be (156/(-117))/((-2)/h). Calculate the greatest common divisor of i and 66.
66
Let d(x) = -16*x - x + 11 + 46*x**3 - 47*x**3 - 11*x**2 - 3*x. Let n be d(-9). Calculate the highest common factor of n and 261.
29
Let i(l) = 89*l - 5512. Let x be i(63). What is the greatest common divisor of 1273 and x?
19
Let f be ((-46)/6 + 7)/((-4)/(-6)). Let g be 121*(0 + f/(-1)). Let q(m) = 2*m + 5. Let c be q(3). What is the greatest common divisor of g and c?
11
Let m be 179 -